composite?
False
Let b = 883 + -1320. Let m = 849 + b. Suppose -4*z = 4*w - 340, -68 + m = 4*z + 2*w. Is z composite?
True
Is -26 - (-13006669)/52 - (-3)/4 a composite number?
True
Is ((2 - 12) + 2869)/3 a prime number?
True
Let z be 5 - (6 + -2) - (1 - -1). Let k(v) = v**3 + 2*v**2 - v. Let d be k(-2). Is (0 - z/d)*298 a prime number?
True
Let u(x) = 2857*x + 2633. Is u(120) a prime number?
True
Let k = 147426 + 121457. Is k prime?
True
Suppose -2210801 = 10*a - 3400366 - 3442385. Is a prime?
False
Suppose 5*o - 5*d - 2 + 12 = 0, o = -4*d - 12. Let f(h) = -1. Let z(v) = -311*v + 15. Let k(c) = 6*f(c) + z(c). Is k(o) a prime number?
False
Suppose 270*o - 263*o - 63 = 0. Suppose -m - 633 = o*r - 10*r, 2*m = 0. Is r prime?
False
Let u = -82 + 22. Let d(b) = 40*b - 113. Let m be d(24). Let q = m + u. Is q composite?
False
Let h be 240/(-15)*(-2 - 0/(-3)). Suppose h*w - 58746 = 26*w. Is w composite?
False
Suppose 11*i - 10 = -32. Let y be 4 + 0 + (i + 15 - 2). Suppose 5*x = -3*t + 23614, 3*t + 2*t = y. Is x composite?
False
Let a be -1*(-4 + 4)/5. Suppose 0*t - 5*t - c = -9091, t - 4*c - 1835 = a. Let f = t - 725. Is f a composite number?
True
Let c(l) = -17*l**2 - 40*l - 31. Let m be c(13). Let z = m - -5127. Is z prime?
False
Suppose 4*s - 502 = 2*s. Suppose 8*z - 3915 = -s. Is z a composite number?
True
Let g(t) = -4904*t**3 + 4*t**2 + 4*t + 1. Let j be g(-1). Let b = j - 3350. Is b prime?
False
Let m = 10882 - 7698. Let p = m + -1713. Is p composite?
False
Let i(q) = -q**2 - q + 14. Let m be i(3). Is ((-30)/(-5))/m - -8*313 composite?
True
Let v = 51 + -98. Let j = v - -43. Is j - (-2)/(-2)*-63 composite?
False
Suppose 4*a + 6*b + 1000 = 2*b, -2*b = 4*a + 1010. Is (-1)/((-30)/386) - 34/a prime?
True
Suppose k = 3*b - 14, -b + 3*b = 8. Let a(s) = -15*s + 875. Let l be a(56). Is 1 - (-3 - 1*(k + l)) a prime number?
True
Let o = 480797 + -217294. Is o a composite number?
False
Is 47900 + (-429)/13 + 14 composite?
False
Let a = 53 - 50. Suppose 0 = -a*x - b - 3*b + 622, 5*x - b = 1075. Let n = 465 - x. Is n prime?
True
Let f be 30/25 + (-18)/(-10). Suppose -2 = -z + 3, -w - 32 = -5*z. Is f/7 - 10364/w a prime number?
True
Let n be (7 + ((-234)/(-30))/(-1))*(0 + 5). Suppose -6*m = -2*m - 28. Is n - (2/14 - 1520/m) a composite number?
True
Let w be 36/12 - (-5)/2*-2. Is ((-1242692)/16)/(-11) - w/8 prime?
False
Let a(t) = -96*t**3 + 8*t**2 + 10*t - 5. Let y be a(-5). Let l = -5796 + y. Is l a composite number?
True
Suppose -4*s + 3*w - 4*w = -720, 5*s - w = 891. Let r = 2460 - s. Is r composite?
False
Let n be ((-11)/(-11))/(2/(-7600)). Let f = 10043 + n. Is f prime?
False
Let y(x) = -x**3 - 4*x**2 + 5*x + 5. Let b be y(-4). Let j be (-1 - -7)/(b/(-10)). Is (2/j)/(3/894) composite?
False
Let j(x) = 28771*x**2 - 202*x + 616. Is j(3) a prime number?
True
Suppose -4*w - 7*t = -8*t - 18, 5*w - 3*t - 26 = 0. Suppose 7*p - w*p - 54535 = 4*v, -3*v = 3*p - 54549. Is p a prime number?
True
Suppose 2 = -h + 4*y - 3*y, 8 = -2*h + 3*y. Suppose 2*f + h*m - 14690 = 0, -4*m - 2 = -5*m. Is f composite?
True
Let c(d) = 189*d + 28. Let q(p) = p. Suppose 0 = -2*i - 2*i + m - 22, 5*m = -4*i - 34. Let g(w) = i*q(w) - c(w). Is g(-3) a composite number?
False
Suppose 97*f = -67*f + 18*f + 93693164. Is f composite?
True
Let c(b) = -3*b**3 - 3*b**2 - 13*b - 4. Let x(j) = -2*j**3 - j**2 - j + 1. Let i(l) = c(l) - 2*x(l). Is i(9) a composite number?
True
Let l = 155048 + -79893. Is l prime?
False
Suppose -299*p + 2443213 = -746*p + 93209692. Is p a prime number?
True
Let q = 185886 - -41777. Is q a composite number?
False
Suppose 122911 = 6*y + 13*y. Is y composite?
False
Is (-3656)/2*(-7 + (-5190)/40) prime?
False
Let p = 72165 + -32666. Is p composite?
False
Let t be 350170 + -18 + 27/3. Suppose -t - 707027 = -44*k. Is k a composite number?
True
Suppose 6740 - 451760 = -60*w. Is w prime?
True
Suppose 0 = -16*w + 8*w + 192. Suppose -4*k + w*k = 8180. Is k composite?
False
Is 88062 - (-11 - (-544)/16) a prime number?
False
Let g be (-962 + -1)*1/(-3). Let w = g - -1972. Is w composite?
False
Suppose 0 = -81*m - 30*m + 9041821 + 20035628. Is m composite?
False
Is (72/(-204))/(-3) - (-3655185)/17 a composite number?
True
Suppose -124 = 6*v + 50. Let k(s) = 6*s**2 + 31*s - 44. Is k(v) a composite number?
True
Let b(h) be the second derivative of 1085*h**4/3 + 3*h**3/2 - 15*h**2/2 + 151*h. Is b(4) composite?
True
Let t = -72 - -76. Suppose -4*u + t*w + 24968 = 0, u - 5*w - 6233 = -w. Suppose 27*l - u = 22*l. Is l a prime number?
True
Suppose 5*j - l = 2*l + 19710, 0 = 2*l + 10. Let s = j + -1070. Is s a prime number?
False
Suppose 687603 - 3022964 = -p + 4*y, 2*p + 2*y - 4670722 = 0. Is p a composite number?
True
Let o(h) = 12343*h - 3510. Is o(43) a composite number?
True
Let l = -196 - -205. Let q(i) = 2298*i + 35. Is q(l) a composite number?
False
Suppose 5*x - 88 = -0*o - 2*o, 3*x = -o + 44. Suppose 0 = -6*q - 4 - o. Let b(n) = -2*n**3 - n**2 - 6*n + 1. Is b(q) a prime number?
True
Let y = 468 - 412. Is 1/(4/132742) - y/112 a prime number?
False
Suppose 19*g - 4*g = 135. Is 1 + (g - 1)*5310/36 composite?
False
Let z(w) = -7*w + 43. Let i be z(7). Let p be 868 - ((-12)/(-20) + i/10). Let y = 1659 - p. Is y a composite number?
True
Let j(b) = 1417*b + 973. Is j(34) composite?
True
Let u(p) = -2*p**3 + 8*p**2 + 2*p. Let b be u(-3). Let t be -1 - ((-2)/4 + b/(-16)). Let y = t - -99. Is y a prime number?
False
Suppose 13*i - 190*i = -54186603. Is i prime?
True
Let g(t) = 28 - 1 - 2544*t + 8 + 6. Is g(-5) a prime number?
False
Let b be (-1 - 0/4)*-13. Let i(w) be the first derivative of w**4/4 - 11*w**3/3 + 3*w**2/2 - 40. Is i(b) prime?
False
Is 18 + -12 + (-309700)/(-4) a prime number?
True
Is 136924*12/24 - -11 a composite number?
False
Suppose 16*v - 11*v - 15 = 0. Suppose 0 = -4*k + v*a + 185, 2*k + 4*a = -59 + 179. Let p = k - 37. Is p a prime number?
True
Let b = 20464 - 6431. Let g = b + -6364. Is g a composite number?
False
Is (-792681634)/(-1083) + 5/3 a composite number?
False
Let d be 45/20 + ((-4)/(-16))/(-1). Let s(q) = -7*q**3 + 0*q**3 + 1 - 13*q**d - 18*q + 10 + 2*q. Is s(-6) composite?
False
Suppose 5*v - w + 552 = 0, 0 = 3*v + 3*w + 356 - 14. Let z = -548 + 910. Let d = v + z. Is d composite?
False
Suppose -297*z - 248957 = -6410193 - 8775785. Is z prime?
False
Let c = 22 + -17. Let y(v) = -v**2 + 7*v - 4. Let k be y(c). Suppose -k*b + 3*b + 5982 = 0. Is b a prime number?
False
Suppose -46936 = -4*h + v + 43995, 4*h + 2*v = 90934. Is h prime?
False
Let i(t) = -23*t + 48. Let s be i(2). Suppose -4 = -s*f + 6, 0 = l + f - 772. Is l a prime number?
False
Suppose -7*a + 11*a - 130 = -5*x, -2*x + 70 = -2*a. Is 0 - (-5)/x - 81874/(-12) a prime number?
True
Let n(l) = 65*l**3 - 4*l**2 + 31*l + 29. Is n(6) a composite number?
True
Let c(b) = -54*b**3 - b**2 + 3*b + 5. Let u be c(-3). Let i = -1499 - -511. Let x = i + u. Is x composite?
False
Let a = -302 + 298. Let q(u) = -5*u + 2. Let l be q(7). Is 6314/l*6/a a composite number?
True
Suppose 2*m - 6 - 34 = 0. Suppose 5*y - 137425 = -m*y. Is y a prime number?
False
Let t be (-162)/(-135)*(-10)/(-8)*2. Suppose 0 = t*g - 19192 + 2779. Is g a prime number?
True
Let c(d) be the first derivative of 13*d**3/3 + 9*d**2/2 + 22*d - 3. Let m(v) = -12*v**2 - 9*v - 21. Let r(x) = -5*c(x) - 6*m(x). Is r(-9) a composite number?
True
Let c = -306 + 428. Let b be (4*(-5)/(-20) + -1)/(-2). Suppose b = m + 4*h - 69 + 6, 4*h - c = -2*m. Is m prime?
True
Suppose -7*x + 15120 = -3*x. Let p = x - 761. Is p prime?
True
Suppose -13*f - 15 = -12*f. Is 699 - 20/f*(-3)/(-2) prime?
True
Suppose 0 = -3*n + 3 + 3. Suppose -n*v = 2*g - 0*g - 2, 4*v + 5*g = 0. Suppose v*q - 45 = 10. Is q composite?
False
Let z = 74 - 70. Suppose z*n - o - 3628 = -5*o, 5*n - 4535 = 5*o. Is n a prime number?
True
Let k(d) = -65*d + 9. Let n(c) = -130*c + 18. Let f(r) = -9*k(r) + 4*n(r). Let j(u) = u**3 - 5*u**2 + 5*u + 4. Let a be j(2). Is f(a) composite?
True
Suppose 2*z + 16 = 3*n, 6*z - 2*z - 4 = 0. Let q be 3495/20 - n/8. Suppose -8*b + 6*b + q = 0. Is b a prime number?
False
Suppose 9*c = 156 - 3. Suppose -46535 = -c*y + 18898. Is y composite?
True
Let n(h) = -2 - h**3 + 2 - 3*h**2 + 0*h - 1 - 4*h + 16*h**2. Is n(-9) composite?
True
Let t(j) = 916*j**2 - 166*j + 1